e the greatest common divisor of 857709415 and 17.
17
What is the highest common factor of 554 and 25595077?
277
What is the highest common divisor of 2569535 and 209935?
1735
Calculate the highest common factor of 857250 and 53082.
54
Calculate the highest common factor of 140111802 and 17845.
3569
What is the highest common factor of 11057922 and 2754?
306
What is the greatest common factor of 83 and 133813679?
83
Calculate the highest common factor of 394463386 and 46.
46
What is the greatest common factor of 13 and 5390331713?
13
Calculate the greatest common factor of 24681941 and 118243.
5141
What is the highest common factor of 47538917 and 122873?
6467
Calculate the highest common divisor of 1060273 and 2961.
47
What is the greatest common factor of 56762040 and 5004?
1668
What is the greatest common factor of 10586 and 6175588?
158
What is the highest common divisor of 9106 and 902436?
314
What is the highest common factor of 12429 and 1945683?
9
What is the greatest common factor of 233708232 and 4336?
2168
Calculate the highest common factor of 1560 and 260881530.
390
What is the greatest common divisor of 57961 and 1509709?
389
Calculate the greatest common factor of 41413938 and 43180.
4318
What is the greatest common factor of 345 and 54717?
69
What is the highest common divisor of 26144 and 3316676?
172
What is the greatest common factor of 331600 and 203220?
20
Calculate the greatest common factor of 4942 and 5362.
14
Calculate the greatest common divisor of 68 and 16438337.
17
Calculate the highest common divisor of 17269 and 3735038.
2467
Calculate the highest common factor of 19308525 and 1.
1
Calculate the highest common factor of 55470199 and 2209.
2209
Calculate the greatest common factor of 452 and 13359538.
226
Calculate the greatest common factor of 212478123 and 33.
33
Calculate the greatest common factor of 504 and 6654438.
126
What is the highest common factor of 270931346 and 238?
238
Calculate the greatest common factor of 1948576 and 4032.
224
Calculate the greatest common factor of 23 and 26463317.
23
Calculate the highest common factor of 38128 and 581776.
16
What is the highest common factor of 18514848 and 182272?
2848
What is the highest common divisor of 34770 and 226290?
570
What is the greatest common divisor of 6021 and 182984211?
6021
Calculate the greatest common factor of 35943790 and 531420.
5210
Calculate the greatest common divisor of 30139787 and 56434.
4031
What is the greatest common divisor of 35 and 191424485?
35
Calculate the greatest common divisor of 2013 and 31873171.
671
Calculate the highest common divisor of 4 and 1072245828.
4
Calculate the greatest common factor of 912 and 2676606.
114
Calculate the greatest common factor of 3567 and 551704323.
3567
What is the greatest common factor of 4783591 and 1?
1
Calculate the greatest common divisor of 1188 and 175678404.
132
What is the greatest common divisor of 68 and 2035291?
17
What is the highest common divisor of 33369537 and 51?
3
What is the greatest common divisor of 2211 and 275241159?
201
Calculate the highest common factor of 546816 and 103596.
1068
What is the greatest common factor of 24738 and 15941?
19
Calculate the highest common factor of 4026 and 2355455586.
4026
Calculate the highest common divisor of 1280 and 30428032.
128
Calculate the greatest common factor of 3477 and 2828631.
183
What is the greatest common divisor of 24 and 19354836?
12
Calculate the highest common divisor of 118468 and 1763188.
28
Calculate the highest common factor of 6462 and 2303615763.
3231
What is the highest common divisor of 73008 and 196323075?
4563
What is the greatest common factor of 22035 and 5360745?
195
Calculate the greatest common factor of 9560 and 25510.
10
Calculate the highest common divisor of 511668 and 752823.
2097
Calculate the highest common divisor of 6003117 and 27.
9
Calculate the greatest common divisor of 3699245 and 715.
55
What is the highest common divisor of 143 and 96765097?
143
What is the highest common divisor of 79 and 12781647?
79
What is the greatest common factor of 33407 and 25759834?
3037
What is the highest common divisor of 1341186 and 30030?
462
Calculate the greatest common divisor of 158606 and 28.
14
What is the greatest common factor of 9623316 and 636?
636
What is the greatest common divisor of 73925330 and 50?
10
What is the greatest common divisor of 22 and 373219286?
22
What is the greatest common divisor of 881324 and 45188?
316
What is the greatest common divisor of 74017726 and 67364?
3062
Calculate the highest common divisor of 388 and 2288521.
97
What is the greatest common divisor of 10993658 and 17056?
1066
What is the greatest common factor of 5474 and 312188?
34
Calculate the highest common divisor of 588 and 10727388.
84
Calculate the greatest common factor of 14256 and 46326816.
1296
What is the greatest common factor of 2824 and 149250518?
706
What is the highest common divisor of 4350818 and 184?
46
What is the highest common divisor of 897608 and 1030979?
2117
Calculate the highest common factor of 100 and 4755745.
5
What is the highest common factor of 267404130 and 630?
630
What is the greatest common divisor of 99902 and 323774?
22
What is the greatest common factor of 2474754316 and 79?
79
What is the highest common factor of 61600 and 61364380?
1540
What is the greatest common factor of 507130988 and 343?
343
Calculate the highest common factor of 81479538 and 4284.
2142
Calculate the greatest common divisor of 3826500 and 6375.
375
Calculate the greatest common factor of 22445756 and 2.
2
Calculate the highest common divisor of 13376922 and 20562.
894
Calculate the greatest common divisor of 91 and 9782101.
7
Calculate the highest common divisor of 199994 and 180050.
554
What is the greatest common factor of 19567525 and 11557?
127
Calculate the highest common divisor of 666 and 23001198.
222
What is the highest common divisor of 10112 and 657325504?
5056
Calculate the highest common factor of 11291730 and 18705.
435
Calculate the greatest common factor of 595 and 14753501.
119
What is the greatest common factor of 2905 and 194950483?
581
Calculate the greatest common factor of 15 and 2207845.
5
Calculate the highest common factor of 58 and 106072894.
58
What is the highest common divisor of 53684 and 3204?
4
What is the greatest common factor of 5262 and 106357298?
1754
What is the highest common divisor of 8316 and 18027?
9
Calculate the highest common factor of 1390115 and 54955.
145
Calculate the highest common divisor of 670503 and 8268.
159
Calculate the highest common factor of 7254 and 607698.
234
What is the greatest common divisor of 5297180 and 157855?
1205
What is the highest common factor of 766122 and 4706807?
4403
What is the highest common factor of 3830067 and 12?
3
What is the highest common divisor of 19359932 and 4942?
706
What is the highest common factor of 185173070 and 33695?
1465
Calculate the highest common divisor of 60176 and 248464.
16
What is the greatest common factor of 329199 and 146211?
897
What is the highest common factor of 100220 and 117400?
20
Calculate the highest common factor of 315 and 454405.
35
What is the greatest common factor of 2979 and 656109?
9
Calculate the greatest common divisor of 277986 and 118642.
866
What is the greatest common divisor of 21122 and 260982?
358
Calculate the greatest common divisor of 688765 and 3718.
11
What is the greatest common factor of 610762792 and 138?
46
What is the greatest common factor of 1112 and 271971709?
139
Calculate the highest common factor of 14845304 and 5704.
184
Calculate the greatest common divisor of 11007041 and 12121.
391
Calculate the greatest common factor of 19899 and 2540943.
27
Calculate the greatest common factor of 16385 and 3614305.
565
What is the greatest common divisor of 28236 and 1339780?
52
Calculate the highest common divisor of 737 and 28187771.
67
Calculate the greatest common divisor of 1210 and 465933490.
1210
What is the greatest common factor of 41 and 39616250?
41
What is the highest common factor of 695742886 and 174?
58
What is the greatest common divisor of 1793732 and 1007?
53
Calculate the highest common divisor of 1162377 and 102978.
27
Calcula